culate the highest common divisor of 72240 and 304.
16
What is the greatest common factor of 5448 and 2472?
24
What is the greatest common divisor of 50 and 3725?
25
What is the greatest common divisor of 12 and 192228?
12
Calculate the greatest common factor of 210661 and 594.
11
Calculate the highest common factor of 60 and 1380.
60
What is the greatest common divisor of 350 and 198300?
50
Calculate the greatest common factor of 4 and 2854.
2
What is the highest common divisor of 124871 and 4439?
193
Calculate the greatest common factor of 78104 and 884.
52
What is the highest common factor of 120 and 200040?
120
What is the greatest common divisor of 142 and 2414?
142
What is the greatest common factor of 14 and 5646046?
14
What is the highest common divisor of 2831700 and 800?
100
What is the greatest common divisor of 1575 and 51219?
63
What is the greatest common factor of 19696 and 96?
16
What is the highest common factor of 142150 and 50?
50
Calculate the highest common factor of 2627 and 8917.
37
Calculate the highest common divisor of 57461 and 1924.
37
Calculate the greatest common divisor of 804 and 26331.
201
Calculate the highest common factor of 16588 and 31394.
22
What is the greatest common factor of 150 and 315975?
75
What is the highest common divisor of 3968187 and 681?
681
What is the highest common factor of 649 and 3146?
11
Calculate the highest common divisor of 2889 and 2033.
107
Calculate the highest common divisor of 4338 and 336.
6
What is the greatest common factor of 6648 and 438?
6
What is the greatest common factor of 2347548 and 140?
28
Calculate the highest common factor of 638 and 6175202.
638
What is the greatest common divisor of 202600 and 5?
5
What is the greatest common divisor of 76632 and 168?
24
Calculate the greatest common factor of 7176 and 1416.
24
What is the highest common factor of 50700 and 338?
338
Calculate the highest common divisor of 4294 and 11286.
38
Calculate the greatest common factor of 25842 and 17700.
354
What is the highest common factor of 9984 and 12987?
39
Calculate the greatest common factor of 132 and 37656.
12
What is the greatest common factor of 164624 and 32?
16
What is the greatest common divisor of 102 and 233138?
34
Calculate the highest common divisor of 40 and 2885.
5
Calculate the greatest common divisor of 8375 and 5375.
125
Calculate the highest common divisor of 83820 and 1185.
15
Calculate the greatest common factor of 211 and 261007.
211
Calculate the highest common divisor of 6545 and 459935.
595
What is the highest common divisor of 360 and 1945920?
120
Calculate the greatest common divisor of 477 and 25632.
9
Calculate the greatest common factor of 22508 and 1292.
68
What is the greatest common factor of 502 and 38?
2
Calculate the greatest common divisor of 139195 and 308.
7
What is the greatest common factor of 4797 and 136981?
533
What is the greatest common divisor of 648506 and 188?
94
What is the greatest common factor of 405 and 36?
9
What is the greatest common factor of 152274 and 2214?
246
Calculate the greatest common factor of 43866 and 954.
18
What is the greatest common divisor of 48 and 13597296?
48
What is the greatest common factor of 1368 and 113601?
57
Calculate the highest common divisor of 399 and 167466.
57
What is the greatest common factor of 149 and 496021?
149
Calculate the highest common divisor of 1785 and 6375.
255
What is the highest common divisor of 1123045 and 385?
385
Calculate the greatest common divisor of 6916 and 1352.
52
What is the greatest common divisor of 767 and 151853?
13
What is the greatest common divisor of 189 and 1864674?
189
Calculate the highest common divisor of 416 and 17420.
52
What is the highest common divisor of 6512 and 160358?
814
What is the highest common divisor of 142078 and 22?
2
What is the greatest common factor of 13927588 and 724?
724
What is the highest common divisor of 527 and 2057?
17
What is the greatest common divisor of 592 and 6026264?
296
Calculate the highest common divisor of 50572 and 20.
4
What is the greatest common factor of 697 and 194791?
41
Calculate the greatest common divisor of 95062 and 7337.
319
What is the greatest common divisor of 5133 and 56376?
87
What is the greatest common factor of 72 and 4136?
8
What is the greatest common divisor of 134 and 99897?
67
What is the greatest common factor of 159 and 24539?
53
What is the greatest common factor of 180 and 594460?
20
What is the greatest common divisor of 1936 and 13840?
16
What is the highest common divisor of 1723064 and 1624?
1624
Calculate the greatest common divisor of 223 and 1291393.
223
Calculate the greatest common divisor of 1845325 and 75.
25
Calculate the greatest common divisor of 124 and 3569836.
124
Calculate the highest common factor of 80364 and 204.
12
What is the greatest common factor of 3264 and 1992?
24
What is the highest common divisor of 1776 and 215784?
888
Calculate the greatest common divisor of 13653 and 7622.
37
What is the greatest common divisor of 13699714 and 602?
602
Calculate the highest common divisor of 53235 and 1575.
315
Calculate the greatest common divisor of 587809 and 3621.
1207
Calculate the greatest common factor of 354546 and 90.
18
Calculate the greatest common factor of 16891 and 23408.
133
Calculate the greatest common factor of 4688110 and 70.
70
Calculate the highest common factor of 157 and 97.
1
What is the highest common factor of 5838582 and 204?
102
Calculate the greatest common divisor of 8386 and 532.
14
Calculate the highest common divisor of 58342 and 306766.
1882
Calculate the highest common factor of 525 and 2675.
25
What is the greatest common divisor of 62602 and 8362?
226
What is the greatest common divisor of 6886220 and 554?
554
What is the highest common factor of 858 and 7579?
143
Calculate the greatest common factor of 72 and 1816.
8
What is the highest common divisor of 70768 and 16?
16
What is the greatest common factor of 8256 and 57?
3
Calculate the greatest common divisor of 154600 and 400.
200
What is the greatest common factor of 52 and 2634333?
13
What is the highest common divisor of 362 and 9534899?
181
What is the highest common factor of 719628 and 273?
273
Calculate the highest common divisor of 4695 and 915.
15
What is the greatest common divisor of 19482 and 510?
102
Calculate the highest common factor of 2577 and 2230823.
859
What is the highest common divisor of 10925 and 79465?
115
Calculate the highest common factor of 399697 and 4379.
151
What is the greatest common divisor of 29812 and 25443?
257
Calculate the greatest common factor of 7728 and 5198.
46
Calculate the highest common factor of 11718 and 168826.
434
Calculate the greatest common divisor of 127 and 55753.
127
Calculate the highest common factor of 197723 and 6407.
149
What is the greatest common factor of 10884 and 2172?
12
Calculate the greatest common divisor of 5760 and 2655.
45
Calculate the highest common factor of 91 and 21411.
13
Calculate the greatest common factor of 116 and 98455.
29
Calculate the highest common factor of 840 and 8520.
120
What is the highest common factor of 345831 and 34?
17
What is the greatest common divisor of 943 and 926969?
943
Calculate the greatest common divisor of 30749 and 194.
97
What is the greatest common divisor of 321 and 94053?
321
What is the greatest common factor of 238 and 105553?
119
What is the highest common divisor of 480 and 314240?
160
Calculate the highest common divisor of 2226 and 9.
3
What is the greatest common divisor of 2590 and 2870?
70
Calculate the greatest common divisor of 21812 and 644.
28
Calculate the greatest common divisor of 121635 and 51.
51
Calculate the highest common factor of 215 and 85355.
215
What is the greatest common factor of 176 and 11308?
44
What is the greatest common factor of 3170 and 260?
10
Calculate the highest common divisor of 26 and 116623.
13
What is the highest common divisor of 3764 and 9183219?
941
What is the greatest common factor of 2773874 and 706?
706
Calculate the highest common factor of 453911 and 410.
41
What is the greatest common factor of 14690 and 14040?
130
Calculate the greatest common factor of 1 and 24001.
1
What is the highest common factor 